{"id":3081,"date":"2024-06-25T17:38:58","date_gmt":"2024-06-25T15:38:58","guid":{"rendered":"https:\/\/cote-ivoire.diplomatie.gov.bf\/?page_id=3081"},"modified":"2024-09-04T10:46:22","modified_gmt":"2024-09-04T08:46:22","slug":"cooperation-bilaterale","status":"publish","type":"page","link":"https:\/\/cote-ivoire.diplomatie.gov.bf\/index.php\/cooperation-bilaterale\/","title":{"rendered":"Coop\u00e9ration"},"content":{"rendered":"\t\t<div data-elementor-type=\"wp-page\" data-elementor-id=\"3081\" class=\"elementor elementor-3081\" data-elementor-post-type=\"page\">\n\t\t\t\t<div data-particle_enable=\"false\" data-particle-mobile-disabled=\"false\" class=\"elementor-element elementor-element-f9d754e e-flex e-con-boxed e-con e-parent\" data-id=\"f9d754e\" data-element_type=\"container\" data-e-type=\"container\">\n\t\t\t\t\t<div class=\"e-con-inner\">\n\t\t\t\t<div class=\"elementor-element elementor-element-83201f7 elementor-widget elementor-widget-text-editor\" data-id=\"83201f7\" data-element_type=\"widget\" data-e-type=\"widget\" data-widget_type=\"text-editor.default\">\n\t\t\t\t<div class=\"elementor-widget-container\">\n\t\t\t\t\t\t\t\t\t<p>\u00a0L\u2019Ambassade, Repr\u00e9sentation Permanente du Burkina Faso en R\u00e9publique de C\u00f4te d\u2019Ivoire dont la Juridiction s\u2019\u00e9tend \u00e9galement au Lib\u00e9ria et \u00e0 la Sierra est la repr\u00e9sentation diplomatique en charge de la plus grande diaspora du pays. Elle abrite trois Consulats G\u00e9n\u00e9raux (Abidjan, Bouak\u00e9 et Soubr\u00e9) et un Consulat Honoraire en Sierra L\u00e9one.<\/p><p>Les principaux secteurs de la coop\u00e9ration dans cette juridiction sont\u00a0:<\/p><ul><li><strong>La politique et la diplomatie<\/strong> avec notamment pr\u00e8s d\u2019une quarantaine d\u2019accords dans tous les domaines dont le plus embl\u00e9matique est le Trait\u00e9 d\u2019Amiti\u00e9 et de Coop\u00e9ration (TAC) entre la R\u00e9publique de C\u00f4te d\u2019Ivoire et le Burkina Faso, sign\u00e9 le 29 juillet 2008. Ce trait\u00e9 institue des consultations politiques et diplomatiques tr\u00e8s pouss\u00e9es avec un Conseil de Gouvernement Conjoint\u00a0;<\/li><li><strong>Coop\u00e9ration \u00e9conomique<\/strong>: Le Burkina Faso fait partie des principaux investisseurs \u00e9trangers en R\u00e9publique de C\u00f4te d\u2019Ivoire gr\u00e2ce au dynamisme de son secteur priv\u00e9. L\u2019Etat burkinab\u00e8 dispose en outre dans ce pays, d\u2019enceintes diplomatiques importantes dont la Maison du Burkina au Plateau d\u2019Abidjan\u00a0;<\/li><li><strong>S\u00e9curit\u00e9 et D\u00e9fense<\/strong>: Collaboration pour lutter contre le terrorisme et renforcer la S\u00e9curit\u00e9 transfrontali\u00e8re. A cela, s\u2019ajoute l\u2019\u00e9change de stagiaires militaires\u00a0;<\/li><li><strong>Transport et Commerce<\/strong>: Facilitation du transit et du transport entre les deux Etats avec le projet d\u2019Autoroute Abidjan-Ouagadougou. Le Burkina Faso exploite les ports ivoiriens d\u2019Abidjan et San Pedro pour ses importations et exportations\u00a0;<\/li><li><strong>Coop\u00e9ration et Culture<\/strong>: Coop\u00e9ration dans les domaines de l\u2019\u00e9ducation, de la jeunesse et de la Culture\u00a0;<\/li><li><strong>Energies et Mines<\/strong>: Partenariat dans les domaines de l\u2019\u00e9nergie et des ressources mini\u00e8res\u00a0;<\/li><li><strong>Justice et droits de l\u2019homme<\/strong>: Coop\u00e9ration pour renforcer les syst\u00e8mes judiciaires et promouvoir les droits de l\u2019homme\u00a0;<\/li><li><strong>Environnement<\/strong>: Initiative conjointe pour la protection de l\u2019Environnement.<\/li><\/ul><p>En outre, l\u2019Ambassade, Repr\u00e9sentation Permanente \u00e0 Abidjan a en charge les organisations internationales aupr\u00e8s de la R\u00e9publique de C\u00f4te d\u2019Ivoire (Conseil de l\u2019Entente, Banque Africaine de D\u00e9veloppement etc.).<\/p><p>Elle assure la protection, l\u2019assistance et l\u2019encadrement de la tr\u00e8s importante diaspora dans la juridiction en collaboration avec les consulats g\u00e9n\u00e9raux et honoraires.<\/p>\t\t\t\t\t\t\t\t<\/div>\n\t\t\t\t<\/div>\n\t\t\t\t\t<\/div>\n\t\t\t\t<\/div>\n\t\t\t\t<section data-particle_enable=\"false\" data-particle-mobile-disabled=\"false\" class=\"elementor-section elementor-top-section elementor-element elementor-element-8366994 elementor-section-content-middle elementor-section-boxed elementor-section-height-default elementor-section-height-default\" data-id=\"8366994\" data-element_type=\"section\" data-e-type=\"section\">\n\t\t\t\t\t\t<div class=\"elementor-container elementor-column-gap-default\">\n\t\t\t\t\t<div class=\"elementor-column elementor-col-100 elementor-top-column elementor-element elementor-element-4179a073\" data-id=\"4179a073\" data-element_type=\"column\" data-e-type=\"column\">\n\t\t\t<div class=\"elementor-widget-wrap elementor-element-populated\">\n\t\t\t\t\t\t<div class=\"elementor-element elementor-element-39b3aba8 eael-divider-center elementor-widget elementor-widget-eael-divider\" data-id=\"39b3aba8\" data-element_type=\"widget\" data-e-type=\"widget\" data-widget_type=\"eael-divider.default\">\n\t\t\t\t<div class=\"elementor-widget-container\">\n\t\t\t\t\t\t\t<div class=\"eael-divider-wrap divider-direction-horizontal\">\n\t\t\t\t\t\t\t<div class=\"divider-text-container\">\n\t\t\t\t\t<div class=\"divider-text-wrap\">\n\t\t\t\t\t\t\t\t\t\t\t\t\t<span class=\"divider-border-wrap divider-border-left\">\n\t\t\t\t\t\t\t\t<span class=\"divider-border\"><\/span>\n\t\t\t\t\t\t\t<\/span>\n\t\t\t\t\t\t\t\t\t\t\t\t<span class=\"eael-divider-content\">\n\t\t\t\t\t\t\t\t\t\t\t\t\t\t\t<span class=\"eael-divider-icon\">\n\t\t\t\t\t\t\t\t\t\t\t\t\t\t\t\t\t\t\t<svg aria-hidden=\"false\" class=\"e-font-icon-svg e-fas-star\" viewBox=\"0 0 576 512\" xmlns=\"http:\/\/www.w3.org\/2000\/svg\"><path d=\"M259.3 17.8L194 150.2 47.9 171.5c-26.2 3.8-36.7 36.1-17.7 54.6l105.7 103-25 145.5c-4.5 26.3 23.2 46 46.4 33.7L288 439.6l130.7 68.7c23.2 12.2 50.9-7.4 46.4-33.7l-25-145.5 105.7-103c19-18.5 8.5-50.8-17.7-54.6L382 150.2 316.7 17.8c-11.7-23.6-45.6-23.9-57.4 0z\"><\/path><\/svg>\t\t\t\t\t\t\t\t\t\t\t\t\t\t\t\t\t<\/span>\n\t\t\t\t\t\t\t\t\t\t\t\t\t<\/span>\n\t\t\t\t\t\t\t\t\t\t\t\t\t<span class=\"divider-border-wrap divider-border-right\">\n\t\t\t\t\t\t\t\t<span class=\"divider-border\"><\/span>\n\t\t\t\t\t\t\t<\/span>\n\t\t\t\t\t\t\t\t\t\t\t<\/div>\n\t\t\t\t<\/div>\n\t\t\t\t\t<\/div>\n\t\t\t\t<\/div>\n\t\t\t\t<\/div>\n\t\t\t\t<section data-particle_enable=\"false\" data-particle-mobile-disabled=\"false\" class=\"elementor-section elementor-inner-section elementor-element elementor-element-3d45b81e elementor-section-boxed elementor-section-height-default elementor-section-height-default\" data-id=\"3d45b81e\" data-element_type=\"section\" data-e-type=\"section\">\n\t\t\t\t\t\t<div class=\"elementor-container elementor-column-gap-default\">\n\t\t\t\t\t<div class=\"elementor-column elementor-col-100 elementor-inner-column elementor-element elementor-element-5aa7e908\" data-id=\"5aa7e908\" data-element_type=\"column\" data-e-type=\"column\">\n\t\t\t<div class=\"elementor-widget-wrap\">\n\t\t\t\t\t\t\t<\/div>\n\t\t<\/div>\n\t\t\t\t\t<\/div>\n\t\t<\/section>\n\t\t\t\t\t<\/div>\n\t\t<\/div>\n\t\t\t\t\t<\/div>\n\t\t<\/section>\n\t\t\t\t<\/div>\n\t\t","protected":false},"excerpt":{"rendered":"<p>L\u2019Ambassade, Repr\u00e9sentation Permanente du Burkina Faso en R\u00e9publique de C\u00f4te d\u2019Ivoire dont la Juridiction s\u2019\u00e9tend \u00e9galement au Lib\u00e9ria et \u00e0 la Sierra est la repr\u00e9sentation diplomatique en charge de la plus grande diaspora du pays. Elle abrite trois Consulats G\u00e9n\u00e9raux (Abidjan, Bouak\u00e9 et Soubr\u00e9) et un Consulat Honoraire en Sierra L\u00e9one. Les principaux secteurs de [&hellip;]<\/p>\n","protected":false},"author":4,"featured_media":0,"parent":0,"menu_order":0,"comment_status":"closed","ping_status":"closed","template":"elementor_header_footer","meta":{"footnotes":""},"class_list":["post-3081","page","type-page","status-publish","hentry"],"_links":{"self":[{"href":"https:\/\/cote-ivoire.diplomatie.gov.bf\/index.php\/wp-json\/wp\/v2\/pages\/3081","targetHints":{"allow":["GET"]}}],"collection":[{"href":"https:\/\/cote-ivoire.diplomatie.gov.bf\/index.php\/wp-json\/wp\/v2\/pages"}],"about":[{"href":"https:\/\/cote-ivoire.diplomatie.gov.bf\/index.php\/wp-json\/wp\/v2\/types\/page"}],"author":[{"embeddable":true,"href":"https:\/\/cote-ivoire.diplomatie.gov.bf\/index.php\/wp-json\/wp\/v2\/users\/4"}],"replies":[{"embeddable":true,"href":"https:\/\/cote-ivoire.diplomatie.gov.bf\/index.php\/wp-json\/wp\/v2\/comments?post=3081"}],"version-history":[{"count":15,"href":"https:\/\/cote-ivoire.diplomatie.gov.bf\/index.php\/wp-json\/wp\/v2\/pages\/3081\/revisions"}],"predecessor-version":[{"id":4879,"href":"https:\/\/cote-ivoire.diplomatie.gov.bf\/index.php\/wp-json\/wp\/v2\/pages\/3081\/revisions\/4879"}],"wp:attachment":[{"href":"https:\/\/cote-ivoire.diplomatie.gov.bf\/index.php\/wp-json\/wp\/v2\/media?parent=3081"}],"curies":[{"name":"wp","href":"https:\/\/api.w.org\/{rel}","templated":true}]}}

Coopération

<div data-elementor-type="wp-page" data-elementor-id="3081" class="elementor elementor-3081" data-elementor-post-type="page">
				<div data-particle_enable="false" data-particle-mobile-disabled="false" class="elementor-element elementor-element-f9d754e e-flex e-con-boxed e-con e-parent" data-id="f9d754e" data-element_type="container" data-e-type="container">
					<div class="e-con-inner">
				<div class="elementor-element elementor-element-83201f7 elementor-widget elementor-widget-text-editor" data-id="83201f7" data-element_type="widget" data-e-type="widget" data-widget_type="text-editor.default">
				<div class="elementor-widget-container">
									<p> L’Ambassade, Représentation Permanente du Burkina Faso en République de Côte d’Ivoire dont la Juridiction s’étend également au Libéria et à la Sierra est la représentation diplomatique en charge de la plus grande diaspora du pays. Elle abrite trois Consulats Généraux (Abidjan, Bouaké et Soubré) et un Consulat Honoraire en Sierra Léone.</p><p>Les principaux secteurs de la coopération dans cette juridiction sont :</p><ul><li><strong>La politique et la diplomatie</strong> avec notamment près d’une quarantaine d’accords dans tous les domaines dont le plus emblématique est le Traité d’Amitié et de Coopération (TAC) entre la République de Côte d’Ivoire et le Burkina Faso, signé le 29 juillet 2008. Ce traité institue des consultations politiques et diplomatiques très poussées avec un Conseil de Gouvernement Conjoint ;</li><li><strong>Coopération économique</strong>: Le Burkina Faso fait partie des principaux investisseurs étrangers en République de Côte d’Ivoire grâce au dynamisme de son secteur privé. L’Etat burkinabè dispose en outre dans ce pays, d’enceintes diplomatiques importantes dont la Maison du Burkina au Plateau d’Abidjan ;</li><li><strong>Sécurité et Défense</strong>: Collaboration pour lutter contre le terrorisme et renforcer la Sécurité transfrontalière. A cela, s’ajoute l’échange de stagiaires militaires ;</li><li><strong>Transport et Commerce</strong>: Facilitation du transit et du transport entre les deux Etats avec le projet d’Autoroute Abidjan-Ouagadougou. Le Burkina Faso exploite les ports ivoiriens d’Abidjan et San Pedro pour ses importations et exportations ;</li><li><strong>Coopération et Culture</strong>: Coopération dans les domaines de l’éducation, de la jeunesse et de la Culture ;</li><li><strong>Energies et Mines</strong>: Partenariat dans les domaines de l’énergie et des ressources minières ;</li><li><strong>Justice et droits de l’homme</strong>: Coopération pour renforcer les systèmes judiciaires et promouvoir les droits de l’homme ;</li><li><strong>Environnement</strong>: Initiative conjointe pour la protection de l’Environnement.</li></ul><p>En outre, l’Ambassade, Représentation Permanente à Abidjan a en charge les organisations internationales auprès de la République de Côte d’Ivoire (Conseil de l’Entente, Banque Africaine de Développement etc.).</p><p>Elle assure la protection, l’assistance et l’encadrement de la très importante diaspora dans la juridiction en collaboration avec les consulats généraux et honoraires.</p>								</div>
				</div>
					</div>
				</div>
				<section data-particle_enable="false" data-particle-mobile-disabled="false" class="elementor-section elementor-top-section elementor-element elementor-element-8366994 elementor-section-content-middle elementor-section-boxed elementor-section-height-default elementor-section-height-default" data-id="8366994" data-element_type="section" data-e-type="section">
						<div class="elementor-container elementor-column-gap-default">
					<div class="elementor-column elementor-col-100 elementor-top-column elementor-element elementor-element-4179a073" data-id="4179a073" data-element_type="column" data-e-type="column">
			<div class="elementor-widget-wrap elementor-element-populated">
						<div class="elementor-element elementor-element-39b3aba8 eael-divider-center elementor-widget elementor-widget-eael-divider" data-id="39b3aba8" data-element_type="widget" data-e-type="widget" data-widget_type="eael-divider.default">
				<div class="elementor-widget-container">
							<div class="eael-divider-wrap divider-direction-horizontal">
							<div class="divider-text-container">
					<div class="divider-text-wrap">
													<span class="divider-border-wrap divider-border-left">
								<span class="divider-border"></span>
							</span>
												<span class="eael-divider-content">
															<span class="eael-divider-icon">
																			<svg aria-hidden="false" class="e-font-icon-svg e-fas-star" viewBox="0 0 576 512" xmlns="http://www.w3.org/2000/svg"><path d="M259.3 17.8L194 150.2 47.9 171.5c-26.2 3.8-36.7 36.1-17.7 54.6l105.7 103-25 145.5c-4.5 26.3 23.2 46 46.4 33.7L288 439.6l130.7 68.7c23.2 12.2 50.9-7.4 46.4-33.7l-25-145.5 105.7-103c19-18.5 8.5-50.8-17.7-54.6L382 150.2 316.7 17.8c-11.7-23.6-45.6-23.9-57.4 0z"></path></svg>																	</span>
													</span>
													<span class="divider-border-wrap divider-border-right">
								<span class="divider-border"></span>
							</span>
											</div>
				</div>
					</div>
				</div>
				</div>
				<section data-particle_enable="false" data-particle-mobile-disabled="false" class="elementor-section elementor-inner-section elementor-element elementor-element-3d45b81e elementor-section-boxed elementor-section-height-default elementor-section-height-default" data-id="3d45b81e" data-element_type="section" data-e-type="section">
						<div class="elementor-container elementor-column-gap-default">
					<div class="elementor-column elementor-col-100 elementor-inner-column elementor-element elementor-element-5aa7e908" data-id="5aa7e908" data-element_type="column" data-e-type="column">
			<div class="elementor-widget-wrap">
							</div>
		</div>
					</div>
		</section>
					</div>
		</div>
					</div>
		</section>
				</div>

<p>L’Ambassade, Représentation Permanente du Burkina Faso en République de Côte d’Ivoire dont la Juridiction s’étend également au Libéria et à la Sierra est la représentation diplomatique en charge de la plus grande diaspora du pays. Elle abrite trois Consulats Généraux (Abidjan, Bouaké et Soubré) et un Consulat Honoraire en Sierra Léone. Les principaux secteurs de [&hellip;]</p>
